 1. Let n be m(0). Let p(k) = 11 - k**2 - n + k**3 + 2*k**2. What is p(0)?
10
Let o(b) = 8*b**3 + b**2 - b + 1. Let d be o(1). Suppose -3*w + 0*w - d = 0. Let k(p) = p + 1. Let i(l) = -l. Let h(t) = -3*i(t) - 4*k(t). Give h(w).
-1
Let u(f) = -f**3 + f**2 + 2. Let d be u(0). Suppose d*p + 6 = 2*t + 2, -5*p = 5*t + 20. Let h(a) = -a**3 - 2*a**2 + 4*a + 4. Determine h(p).
1
Let h(z) = -2 + 11 + 6*z - 3*z - 3 + z**2. Calculate h(-4).
10
Let f(q) be the second derivative of q**7/1260 + q**6/90 + q**5/30 - q**4/2 + 6*q. Let s(a) be the third derivative of f(a). Determine s(-5).
14
Let x(z) = -z**3 - 7*z**2 - 6*z - 6. Let h(f) = f**3 - 6*f + 2 - 6 - 3 - 5*f**2. Let u be h(6). Let j(v) = -v**3 - 7*v**2 - 6. Let c be j(u). Calculate x(c).
-6
Let t(u) = -2*u**3 + u**2 + 2*u. Let g(w) be the first derivative of -2 + 3 - 2*w + w**2 - 3. Let v be g(2). Determine t(v).
-8
Suppose 5*b = 2*y - 27, -2 = 5*y - 2*y + b. Suppose -14 - y = -5*u. Let o(v) = v - 5. Calculate o(u).
-2
Let w(s) = 5*s**2 - 8*s - 2. Let v(j) = 5*j**2 - 8*j - 1. Let r(p) = 2*v(p) - 3*w(p). Let q(z) = -14*z**2 + 23*z + 12. Let g(h) = -3*q(h) + 8*r(h). Give g(4).
8
Let h = -60 + 54. Let b(l) = l**3 + 7*l**2 + 8*l + 7. Determine b(h).
-5
Let f(m) = -21*m**3 - 9*m**2 + 9*m - 9. Let a(t) = 11*t**3 + 4*t**2 - 4*t + 4. Let l(k) = -7*a(k) - 3*f(k). What is l(1)?
-15
Let v(x) = x**3 - 5*x**2 - x - 1. Let g be ((-18)/8)/(3/(-16)). Suppose g = q + q. Let b = q - 1. What is v(b)?
-6
Let d(l) = -l**2 + 4*l + 1. Let g(s) = 3*s**2 - 11*s - 3. Let q(o) = -7*d(o) - 2*g(o). Suppose 5 - 25 = -5*u. What is q(u)?
-9
Let s(y) be the first derivative of 9*y**4/4 + 2*y**3/3 - y + 3. Determine s(-1).
-8
Let z(f) = f + 3. Let w = -9 - -13. Suppose -3*l = 5*r - 4, -3*r = -6*l + 2*l - 43. Let t = l + w. Calculate z(t).
0
Let t be (2 - -1)*(-8)/12. Let g(o) = 2 + 2*o**2 - 1 + 4*o - 3*o. Give g(t).
7
Suppose -5*b + 4*b + 6 = 2*j, b - 3*j + 9 = 0. Let m(o) be the first derivative of 2*o**2 + 2 - 3 + b + 3*o. Give m(-3).
-9
Let g(c) = -2*c - 6. Let t be g(-4). Let x(w) = -5*w**t - 1 + 9*w + w**3 + 8 - 2*w**3. Give x(-6).
-11
Let o(d) = -3*d**2 - 17*d + 9. Let h be o(-6). Let s(b) = 4*b + 4. Determine s(h).
16
Let q(f) be the third derivative of -f**4/24 - 2*f**3/3 + 3*f**2. Suppose 5*a = 2*a - 9. Determine q(a).
-1
Let k(a) = a. Let d(g) = -2*g + 1. Let l(z) = d(z) - 3*k(z). Let n be 2/10 + (-55)/25. Let f = n + 1. Determine l(f).
6
Let s(m) = m**2 + 2*m + 2. Let n be 5/(-10) + (-23)/2. Let j = n + 18. Suppose -4*d - 6 = j. Determine s(d).
5
Let f(w) be the second derivative of w**7/2520 - w**6/180 + w**5/60 - w**4/12 - w. Let q(o) be the third derivative of f(o). Suppose -i + 3 = -0. Give q(i).
-1
Let d(v) = v**3 - 4*v**2 - v - 3. Suppose 4*y = 5 - 13. Let u(k) = -k**3 + 2*k. Let a be u(y). Give d(a).
-7
Let j(x) = 1 + 2*x + x + 2*x - 2*x. Let f(s) = -s**3 + 6*s**2 + s - 1. Let t be f(6). Suppose -3 = -2*g - t. Give j(g).
-2
Let b(z) = z**2 + 2*z - 2. Let s(i) = -i**3 - 3*i**2 + 2*i - 2. Let a be ((-12)/9)/(1/3). Let d be s(a). Suppose d = k - 3*k. Determine b(k).
1
Let r be 6/8 - (-30)/24. Suppose -3*c - r*c = -10. Let k(t) = 2 - 5*t + c*t**2 - 2*t**2 - 4 - t**2. What is k(-3)?
4
Let v = -31 + 35. Suppose 3 = -3*k + 12. Let j(a) = 2*a**2 + 2*a + a**k + 0 - 2*a**2 - v + 5*a**2. What is j(-4)?
4
Suppose 5*x = -5*n + 75, -3*x + 45 = -4*n + 2*n. Let j = x + -18. Let d(m) = -7 + 3 - 2*m + m. Give d(j).
-1
Let s = -17 - -18. Let j(q) = s + 0 + q**2 - 5. Give j(3).
5
Let m(k) = -5*k**2 + 2*k**2 + k**2 - k - 7*k**3. Let o = 24 - 25. Give m(o).
6
Let x(p) = -3*p**3 + 25*p**2 - 8*p + 10. Let t(f) = -f**3 + 8*f**2 - 3*f + 3. Let n(z) = 7*t(z) - 2*x(z). Suppose 0 = -9*i + 4*i + 25. Calculate n(i).
1
Let n(r) = -2 - 1 + 0 + 5 + 2*r. What is n(3)?
8
Suppose 5*u = 5*n - 20, u - 6 + 2 = -n. Let m = n + 0. Let j(r) = -r**2 + 3*r + 4. Calculate j(m).
0
Let g(a) be the first derivative of a**3/3 - 3*a**2/2 - 23. Calculate g(5).
10
Suppose 3*i + i = -2*p - 4, -2*i - 6 = 3*p. Let x(g) be the first derivative of -2*g**3/3 - g**2 + 2*g - 1. Determine x(p).
-2
Suppose 5*m = i - 5, 5*i - 134 = -m - 31. Suppose -2*b - 16 = -2*p, 0*b - 3*p + i = -2*b. Let f(y) = -y**3 - 3*y**2 + 5*y. Give f(b).
-4
Let g = 10 + -18. Let w be (-63)/28*g/(-3). Let t(z) = z**2 + 6*z - 7. Determine t(w).
-7
Suppose 5*v + 4*j = 10, 4 = v + 5*j - 19. Let h be (-10 - -2)*1/v. Let i = -4 + h. Let s(m) = -m - 8. Give s(i).
-8
Suppose -10*z + 16 = -2*z. Let y(s) be the first derivative of 10*s + 0*s**3 + 2 - 1/4*s**4 + 0*s**z. What is y(0)?
10
Let d be 27/9 - 3/(-1). Let b(z) = z**3 - 7*z**2 + 5*z + 5. Give b(d).
-1
Let v(j) be the first derivative of -j**3/6 + 3*j**2/2 - 3*j - 3. Let i(d) be the first derivative of v(d). Give i(-4).
7
Suppose -18 = 3*x - 5*x. Let w(g) = -5*g**2 + x*g - 5*g**2 - 8*g. What is w(-1)?
-11
Suppose -6*r + r = 0. Let w(g) = g**2 - g + 3. Let h be w(r). Suppose 0 = -s - 2*s - 3*j + 6, 4*j = h*s + 1. Let z(n) = n**2 + n. Calculate z(s).
2
Let y = -1 - 2. Suppose 4*a + 5*f = -13, -5*a + 3*a + 1 = f. Let x(q) = -q**2 - a + 3*q - 7*q + 2. Calculate x(y).
2
Let j(x) be the second derivative of x**5/20 - x**4/6 + x**3/2 + x**2/2 - 2*x. Let c(y) be the first derivative of j(y). Give c(2).
7
Let x(d) = d**3 + 5*d**2 + 6*d + 1. Let r(z) = z**3 - 8*z**2 + 6*z + 3. Let w be r(7). Determine x(w).
-7
Let a(q) = -2*q**2 + 2*q + 4. Let d = 10 + -6. Let z be (d/6)/((-2)/(-9)). Determine a(z).
-8
Let u(d) be the first derivative of -d**2 + 1. Let b be -3*6/(-27)*-3. Calculate u(b).
4
Let q(u) = -8*u**3 - 2*u + 1. Suppose -3*d + 4*d = 1. What is q(d)?
-9
Let d(k) = -k**2 - 7*k - 6. Let n(y) = y**2 + 8. Let i be n(0). Let c(m) = -m**2 + 8*m + 8. Let w be c(i). Suppose -2*h = -0*h + w. Calculate d(h).
6
Let l = -1 + 1. Let i = 2 - l. Let x(y) = -2*y**3 - 5*y**2 + i - 4 + 3*y**3. Give x(5).
-2
Let r be 11 + 3/((-3)/2). Suppose 0*j - 3*j + r = 0. Let h(n) = 2*n**2 - 5*n + 3. Give h(j).
6
Let t(s) = -s**3 - 3*s**2 - 3*s - 3. Suppose -2 = 2*k + 4. Let v = k + 1. Determine t(v).
-1
Let x(n) = n**2 - 7*n + 3. Let t = 4 + -2. Suppose 6 = k - c, -5*c + t = 7. Calculate x(k).
-7
Let r(p) = -2*p - 7. Let d(q) = -q - 6. Let w(b) = 6*d(b) - 5*r(b). Determine w(2).
7
Suppose 5*s + 5 = -5*f - 0, -3*f + 27 = -3*s. Let x(j) = -j + 1. What is x(f)?
-3
Let y(d) = -3*d + 2. Suppose -w + 208 = 3*w + 2*m, 4*w - 4*m - 184 = 0. Suppose -t - w = t. Let u be (6/(-5))/(10/t). Determine y(u).
-7
Suppose 12*f - 18 = 9*f. Let d(o) = -o - 1. Determine d(f).
-7
Suppose -h + 0 + 4 = 0. Let k(r) = 3*r - 2*r**2 + 2*r - h + r + 3. What is k(4)?
-9
Suppose 6*t - 23 - 13 = 0. Let m = -8 + t. Let b(r) be the second derivative of r**5/20 + 5*r**4/12 + r**3/3 - r**2 + r. Give b(m).
6
Let u(b) = -2*b**2 - 8*b - 4. Let v(m) = m**2 - 1. Let a(d) = -u(d) + v(d). Let n(z) = -13*z**2 - 33*z - 13. Let t(j) = -9*a(j) - 2*n(j). Calculate t(-6).
-1
Suppose 0 = -c - z, -3*z + 6 = -2*c + 1. Let w(h) be the third derivative of -1/24*h**4 - h**2 + 0 + 1/6*h**3 + 0*h. What is w(c)?
2
Let u(c) = 5*c**2 - 5*c - 1. Let j be ((-3)/6)/(2/40). Let w = -15 - j. Let d(g) = 3*g**2 - 3*g - 1. Let f(s) = w*u(s) + 8*d(s). Determine f(0).
-3
Let s(n) = n**2 + n + 1. Let o(h) = -h**3 - 6*h**2 - 2*h - 8. Let v(d) = -o(d) - 5*s(d). Let r = -7 - -4. Let u = 5 + r. Determine v(u).
9
Let s(p) = 21*p**2 + 5*p - 1. Let t(q) = -22*q**2 - 6*q + 1. Let y(f) = 6*s(f) + 5*t(f). What is y(1)?
15
Let i(a) = a**3 - 5*a**2 + 3*a + 5. Let d be i(4). Let m(k) be the first derivative of 2*k**4 + k**3/3 - k**2 + k - 80. Give m(d).
8
Let h = -22 + 29. Let n(s) = -8 + 2 - 1 + 2*s. Calculate n(h).
7
Let l = 6 + -4. Let m = l - 3. Let w(y) = -2 - 2 + 3 + 6*y**2. Determine w(m).
5
Let v(r) = r**2 - r + 9. Let p(y) = -5*y - 3*y**2 + 2*y**2 + 2*y**2. Let s be p(5). Calculate v(s).
9
Let f(c) be the first derivative of c**2/2 + 13*c - 8. Determine f(-6).
7
Let j(o) = o + 5. Let x(w) = w + 3. Let i be x(-3). Suppose i*l + 16 = -5*l - v, -3*v + 16 = -l. Calculate j(l).
1
Let h(m) = -5 + 5 + 4 - m**2 - 4*m. Suppose -2*y = -5*j - 40 + 114, 0 = -2*j - 2*y + 38. Suppose -j = p + 3*p. What is h(p)?
4
Let x = -11 - -15. Suppose -3*z - 5 = -x*z. Let s(b) = b**3 - 5*b**2 + 2*b - 1. Give s(z).
9
Suppose -2 = 4*t + 6. Let i(q) = q**3 + 2*q**2 - q + 1. Give i(t).
3
L